 171 - 98. What are the prime factors of t?
73
Let c = -15 + 21. Suppose -4*q + 234 = -u, c*q - 300 = q + 5*u. Suppose -q + 13 = -5*b. List the prime factors of b.
3
Let f be (-2)/(-4)*(-2 - -4). Suppose 6 = -2*l - 2. List the prime factors of ((-10)/l)/(f/4).
2, 5
Let l(d) = -3*d + 1. Let z(f) = -4*f + 1. Let n(u) = 6*l(u) - 4*z(u). Let m = 1 - 4. What are the prime factors of n(m)?
2
Suppose -126 = -4*o + o. Let a = o - 22. List the prime factors of a.
2, 5
Suppose 3*l - 3 = 9, -4*l = -3*q + 212. List the prime factors of q.
2, 19
Let z(m) = 13*m - 1. Let n be z(1). Suppose -3*l - 6*c - 3 = -5*c, -l = -4*c - n. Suppose 2*s - 2 - 2 = l. What are the prime factors of s?
2
Suppose 3*z + 217 = 2*l, -15 = 5*z - 10*z. List the prime factors of l.
113
Let m be ((-3)/2)/(6/(-16)). Suppose -6 = m*u - 62. What are the prime factors of u?
2, 7
Suppose -4*c - 100 = -16. Let b = c + 29. List the prime factors of b.
2
Suppose m - 20 = -4*k, -2*k + 20 = 2*k. Suppose -2*z + 2*d + 2*d = -58, m = -3*d - 15. Let b = -8 + z. List the prime factors of b.
11
Suppose 0 = -5*o + 3*s + 53, 0*o - 11 = -o + s. What are the prime factors of o?
2, 5
Suppose -w + 4*w = 0. Suppose 2*m + 3*m + 3*g - 89 = w, m - 2*g - 23 = 0. List the prime factors of m.
19
Suppose -4 = -2*s + 4*m, 3*m = 3*s - 2*m - 6. Suppose -3*v + 14 = q, -s*v = -2*q - 0*q - 20. What are the prime factors of v?
2, 3
What are the prime factors of -1 + 33 + (-9)/9?
31
List the prime factors of (1 + -10 - 1)*-1.
2, 5
Suppose -3*r = 2*r. Suppose m - 2 + 11 = r. Let x = -2 - m. List the prime factors of x.
7
Let g = 5 - 5. Suppose -3*p + 0 = 5*f + 2, g = p + 4. What are the prime factors of f?
2
Let d = -140 + 244. What are the prime factors of d?
2, 13
Let j = 93 + -65. List the prime factors of j.
2, 7
Let u(j) be the second derivative of 11*j**5/20 + j**3/3 - j**2/2 - j. What are the prime factors of u(1)?
2, 3
Suppose 2*s - 219 = 3*v, 0*v + v = 5*s - 541. What are the prime factors of s?
2, 3
Let r be (2/4)/(1/2). Let i = r + -2. What are the prime factors of ((-1)/2)/(i/6)?
3
Let s be 1 - 1 - -1 - 1. Suppose 5*d - 3*f - 47 = 0, s = -4*d + 5*f + 40 + 8. List the prime factors of d.
7
Suppose 5*i + 6*a - 4*a - 1810 = 0, -2*a = 2*i - 730. What are the prime factors of i?
2, 3, 5
Let q be 0 + -2 + (-29)/1. Let d = 50 + q. What are the prime factors of d?
19
Let h(t) = -t**2 + 5*t - 1. Let o be (1 - -3) + -1 + -1. List the prime factors of h(o).
5
Suppose 32 = -5*d - 3. Let p(u) = u**2 + 8*u - 10. Let r(q) = q. Let c(v) = -p(v) + r(v). What are the prime factors of c(d)?
2, 5
Let c(f) = -6*f - 3. List the prime factors of c(-3).
3, 5
Suppose 0 = 2*z - 4*i - 378, -z = 4*z + 5*i - 900. List the prime factors of z.
3, 61
Let t = -7 + 6. What are the prime factors of -1 - (t + -1) - -20?
3, 7
Let j = 319 + -163. List the prime factors of j.
2, 3, 13
Let j = 1 - -4. Suppose -14 = 5*g + w + 65, g = j*w + 5. Let t = -6 - g. What are the prime factors of t?
3
Let p(g) be the third derivative of g**6/120 + g**5/12 - g**3/2 + 6*g**2. Let v = -1 + -3. List the prime factors of p(v).
13
Suppose z + 4 = 2*z. Let o(x) = -z*x + 5*x + 8*x**2 - x. What are the prime factors of o(-1)?
2
Suppose 0 = 3*f - 4*f + 2. What are the prime factors of f?
2
Let b(n) = 4 - 4*n**3 - 7*n**2 + 5*n**3 - 2*n**3 - 3*n. Let z be b(-8). List the prime factors of (-2)/9 - z/(-9).
2, 5
Suppose -6 = -0*n + 2*n + 4*p, 3*p + 9 = 0. Suppose 3*z = n*w - 45, -z + 2 = z. List the prime factors of w.
2
Let a(j) = 2*j**2 - j + 2*j**2 - j + 3. Let g = -11 - -13. List the prime factors of a(g).
3, 5
Let p = -8 - 1. Let z(j) = j**2 + 8*j. Let t be z(p). Suppose -3*y = -t, -3*o - 2*o + 36 = 2*y. What are the prime factors of o?
2, 3
Let x(k) be the third derivative of k**4/24 - 4*k**3 - k**2. Let s be x(10). Let o = -8 - s. What are the prime factors of o?
2, 3
Suppose -f + 45 = 4*f. Let o(i) = i**3 - 6*i**2 + 2*i - 9. Let z be o(6). Suppose 3*t = 4*v - 25, -z*v - t + f = -0. What are the prime factors of v?
2
What are the prime factors of 0 + -1 - (-166)/(6/3)?
2, 41
What are the prime factors of (-10 + 8)/(2*1/(-8))?
2
What are the prime factors of ((-119)/21)/(2/(-6))?
17
What are the prime factors of 580/12 + 1/(-3)?
2, 3
Let t be -1 - (-5)/((-5)/(-22)). Let k be t/5 + (-1)/5. List the prime factors of 2/k - 13/(-2).
7
Suppose -430 = -2*p - 2*s, -4*s + 314 + 126 = 2*p. List the prime factors of p.
2, 3, 5, 7
Let q(v) = 2*v**2 + v - 1. List the prime factors of q(4).
5, 7
Let u(a) = 3*a**2 - 31*a + 38. List the prime factors of u(12).
2, 7
Let j(t) = 0*t - 2*t - 41*t**3 + 13*t**3 + 1. Let x be j(1). Let p = x + 43. List the prime factors of p.
2, 7
Let m = 22 - 8. List the prime factors of m.
2, 7
Let v(f) = 19*f + 5. List the prime factors of v(2).
43
Suppose -p = -3*p. Suppose p*z + 3*z = 9. What are the prime factors of z?
3
Suppose -3*w = -5*w + 2*k + 20, w - 4*k - 10 = 0. List the prime factors of w.
2, 5
Suppose 13*h - 14*h = -56. List the prime factors of h.
2, 7
Let h(k) = k**2 - 5*k + 2. Let b be h(5). What are the prime factors of -13*(b - (1 + 2))?
13
Let a = 44 - 29. Let z = a - 3. What are the prime factors of z?
2, 3
Let u = 33 + -33. Let i = 71 + -46. Suppose u = f - 6*f + i. What are the prime factors of f?
5
Let i = 37 + 0. List the prime factors of i.
37
List the prime factors of 33/2 - 36/24.
3, 5
Let r(i) = i**3 + 8*i**2 - 12*i - 2. Let x be r(-9). Suppose -5*k + x = -35. List the prime factors of k.
2, 3
Suppose -3*n + 2*v = -2*v - 32, 0 = 5*n + v - 61. List the prime factors of n.
2, 3
Let x be (-1 + 9/15)*-10. Suppose -60 = -x*u + 7*u. What are the prime factors of (-12)/10*u/3?
2
Suppose -216 - 44 = 4*t. Let h be (-219)/13 + 10/t. Let g = -10 - h. List the prime factors of g.
7
Let v(i) = i**2 + 6*i - 4. Let f be v(-8). What are the prime factors of (-60)/(-8)*f/10?
3
Let g be 12/6*(-1 + 3). Let x = g - 0. List the prime factors of x.
2
Let k(y) = -48*y**3 - 2*y - 1. What are the prime factors of k(-1)?
7
Let y = 7 + -2. Let l be (-2)/(-1 + (-3)/(-5)). Suppose -y*g = -a - 7, a - 13 = -0*a - l*g. List the prime factors of a.
3
List the prime factors of -21*(-2 + (-12)/(-9)).
2, 7
Suppose -5*k + 9*k = 16. Let i = 11 - 6. Suppose i*c - 6*c = -k. What are the prime factors of c?
2
Suppose 0 = 3*j + 2*c - 68, -c + 24 = j + 1. What are the prime factors of j?
2, 11
Suppose 2*h = -4*z - 4, -4*h - 3*z = -1 - 1. Let w be (-3)/h + 7/14. What are the prime factors of 1/(w + 3/2)?
2
Let d(h) be the third derivative of h**5/30 - h**4/24 - h**3/6 - 13*h**2. Suppose 0 = -k + 4*k - 6. What are the prime factors of d(k)?
5
Suppose -2*g + 6 = -0*g. Suppose -24 = -3*m - 5*j, -g*j = -3*m + j + 24. List the prime factors of m.
2
Suppose 0 = -f - 4*r + 21, 0 = 5*f + 3*r - r - 33. Suppose -k + 7 = 3*m, -5*k - f*m + 21 = -k. List the prime factors of k.
2
Let h(z) = -4*z**3 - 2*z**2 + z. Let q be h(-2). Suppose 0 = -4*f + 2 + q. List the prime factors of f.
2, 3
Suppose 9*s - 3*s - 222 = 0. List the prime factors of s.
37
Let f(j) = j**2 - 2*j - 51. List the prime factors of f(-18).
3, 103
Let r(f) = f**2 - 8. What are the prime factors of r(-7)?
41
Let a = -12 - -17. Let k(y) = y - 3. Let f be k(a). Suppose 0 = 4*l - f*q - 78, 3*l + 3*q + q = 42. What are the prime factors of l?
2, 3
Let s = -46 + 21. Let b = 51 + s. What are the prime factors of b?
2, 13
Suppose 3*l - 13 = 2*l. Let m = -2 + l. What are the prime factors of m?
11
Suppose 0 = -17*s + 22*s - 775. What are the prime factors of s?
5, 31
Let s be 2 - 0 - -5 - -2. Suppose -5*b = -k + 5*k - 36, -4*b - s = -k. List the prime factors of k.
3
Let q(l) be the third derivative of l**6/120 + 2*l**5/15 + 7*l**4/24 - l**3 + 4*l**2. List the prime factors of q(-6).
2, 3
Let g(n) = n**2 + 4*n - 4. Let f be g(-5). Let o be f/(-2) - 146/(-4). Suppose 0 = -4*u + o. What are the prime factors of u?
3
Let s = 4 + 16. List the prime factors of s.
2, 5
Suppose a - 16 + 5 = 0. What are the prime factors of a?
11
Suppose 21 - 5 = -4*g. Let r = 5 - g. List the prime factors of r.
3
Suppose c + 4 - 22 = 0. Let v = -8 + c. List the prime factors of v.
2, 5
Let b(q) = q**2 + q. Let i(c) = c**2. Let w(x) = -4*x**2 - 2*x - 2. Let f(s) = 3*i(s) - w(s). Let z(u) = -6*b(u) + f(u). List the prime factors of z(4).
2
Let 